{"id":6,"date":"2018-03-25T04:26:37","date_gmt":"2018-03-25T04:26:37","guid":{"rendered":"http:\/\/htcformosa.gob.ar\/?page_id=6"},"modified":"2024-09-12T14:07:50","modified_gmt":"2024-09-12T14:07:50","slug":"autoridades-del-htc","status":"publish","type":"page","link":"http:\/\/www.htcformosa.gob.ar\/?page_id=6","title":{"rendered":"Autoridades del HTC"},"content":{"rendered":"<p style=\"text-align: center;\">Presidente<\/p>\n<p>&nbsp;<\/p>\n<p><img loading=\"lazy\" class=\"size-full wp-image-6311 aligncenter\" src=\"http:\/\/htcformosa.gob.ar\/wp-content\/uploads\/2024\/09\/PRESI.png\" alt=\"\" width=\"216\" height=\"250\"><\/p>\n<p style=\"text-align: center;\"><strong>Dra. MYRIAM E. RADRIZANI<\/strong><\/p>\n<p style=\"text-align: center;\">Titular de la Vocal\u00eda A<\/p>\n<p><img loading=\"lazy\" class=\"size-medium wp-image-6312 aligncenter\" src=\"http:\/\/htcformosa.gob.ar\/wp-content\/uploads\/2024\/09\/Cr.-Benitez-edited-220x300.jpg\" alt=\"\" width=\"220\" height=\"300\" srcset=\"http:\/\/htcformosa.gob.ar\/wp-content\/uploads\/2024\/09\/Cr.-Benitez-edited-220x300.jpg 220w, http:\/\/htcformosa.gob.ar\/wp-content\/uploads\/2024\/09\/Cr.-Benitez-edited-751x1024.jpg 751w, http:\/\/htcformosa.gob.ar\/wp-content\/uploads\/2024\/09\/Cr.-Benitez-edited-768x1048.jpg 768w, http:\/\/htcformosa.gob.ar\/wp-content\/uploads\/2024\/09\/Cr.-Benitez-edited-1126x1536.jpg 1126w, http:\/\/htcformosa.gob.ar\/wp-content\/uploads\/2024\/09\/Cr.-Benitez-edited.jpg 1466w\" sizes=\"(max-width: 220px) 100vw, 220px\" \/><\/p>\n<p>&nbsp;<\/p>\n<p style=\"text-align: center;\"><strong>C.P. ANDR\u00c9S PABLO BEN\u00cdTEZ<\/strong><\/p>\n<p style=\"text-align: center;\">Titular de la Vocal\u00eda B<\/p>\n<p><img loading=\"lazy\" class=\" wp-image-6313 aligncenter\" src=\"http:\/\/htcformosa.gob.ar\/wp-content\/uploads\/2024\/09\/03-agus-298x300.jpg\" alt=\"\" width=\"280\" height=\"282\" srcset=\"http:\/\/htcformosa.gob.ar\/wp-content\/uploads\/2024\/09\/03-agus-298x300.jpg 298w, http:\/\/htcformosa.gob.ar\/wp-content\/uploads\/2024\/09\/03-agus-1017x1024.jpg 1017w, http:\/\/htcformosa.gob.ar\/wp-content\/uploads\/2024\/09\/03-agus-150x150.jpg 150w, http:\/\/htcformosa.gob.ar\/wp-content\/uploads\/2024\/09\/03-agus-768x773.jpg 768w, http:\/\/htcformosa.gob.ar\/wp-content\/uploads\/2024\/09\/03-agus-1526x1536.jpg 1526w, http:\/\/htcformosa.gob.ar\/wp-content\/uploads\/2024\/09\/03-agus-2034x2048.jpg 2034w, http:\/\/htcformosa.gob.ar\/wp-content\/uploads\/2024\/09\/03-agus-100x100.jpg 100w\" sizes=\"(max-width: 280px) 100vw, 280px\" \/><\/p>\n<p>&nbsp;<\/p>\n<p style=\"text-align: center;\"><strong>C.P.&nbsp; AGUSTINA R. SCHIAVONI<\/strong><\/p>\n<p>&nbsp;<\/p>\n","protected":false},"excerpt":{"rendered":"<p>Presidente &nbsp; Dra. MYRIAM E. RADRIZANI Titular de la Vocal\u00eda A &nbsp; C.P. ANDR\u00c9S PABLO BEN\u00cdTEZ Titular de la Vocal\u00eda B &nbsp; C.P.&nbsp; AGUSTINA R. SCHIAVONI &nbsp;<\/p>\n","protected":false},"author":25,"featured_media":0,"parent":0,"menu_order":0,"comment_status":"closed","ping_status":"closed","template":"","meta":{"ngg_post_thumbnail":0},"_links":{"self":[{"href":"http:\/\/www.htcformosa.gob.ar\/index.php?rest_route=\/wp\/v2\/pages\/6"}],"collection":[{"href":"http:\/\/www.htcformosa.gob.ar\/index.php?rest_route=\/wp\/v2\/pages"}],"about":[{"href":"http:\/\/www.htcformosa.gob.ar\/index.php?rest_route=\/wp\/v2\/types\/page"}],"author":[{"embeddable":true,"href":"http:\/\/www.htcformosa.gob.ar\/index.php?rest_route=\/wp\/v2\/users\/25"}],"replies":[{"embeddable":true,"href":"http:\/\/www.htcformosa.gob.ar\/index.php?rest_route=%2Fwp%2Fv2%2Fcomments&post=6"}],"version-history":[{"count":4,"href":"http:\/\/www.htcformosa.gob.ar\/index.php?rest_route=\/wp\/v2\/pages\/6\/revisions"}],"predecessor-version":[{"id":6325,"href":"http:\/\/www.htcformosa.gob.ar\/index.php?rest_route=\/wp\/v2\/pages\/6\/revisions\/6325"}],"wp:attachment":[{"href":"http:\/\/www.htcformosa.gob.ar\/index.php?rest_route=%2Fwp%2Fv2%2Fmedia&parent=6"}],"curies":[{"name":"wp","href":"https:\/\/api.w.org\/{rel}","templated":true}]}}